{"id":186,"date":"2020-10-26T21:45:22","date_gmt":"2020-10-26T21:45:22","guid":{"rendered":"https:\/\/totolecshow.com\/siteshow\/?page_id=186"},"modified":"2022-09-26T14:46:13","modified_gmt":"2022-09-26T14:46:13","slug":"radios","status":"publish","type":"page","link":"https:\/\/totolecshow.com\/siteshow\/radios\/","title":{"rendered":"radios"},"content":{"rendered":"\t\t<div data-elementor-type=\"wp-page\" data-elementor-id=\"186\" class=\"elementor elementor-186\" data-elementor-settings=\"[]\">\n\t\t\t\t\t\t<div class=\"elementor-inner\">\n\t\t\t\t\t\t\t<div class=\"elementor-section-wrap\">\n\t\t\t\t\t\t\t<section class=\"elementor-section elementor-top-section elementor-element elementor-element-84cb8fa elementor-section-boxed elementor-section-height-default elementor-section-height-default\" data-id=\"84cb8fa\" data-element_type=\"section\">\n\t\t\t\t\t\t<div class=\"elementor-container elementor-column-gap-default\">\n\t\t\t\t\t\t\t<div class=\"elementor-row\">\n\t\t\t\t\t<div class=\"aux-parallax-section elementor-column elementor-col-16 elementor-top-column elementor-element elementor-element-d8b819d\" data-id=\"d8b819d\" data-element_type=\"column\">\n\t\t\t<div class=\"elementor-column-wrap\">\n\t\t\t\t\t\t\t<div class=\"elementor-widget-wrap\">\n\t\t\t\t\t\t\t\t<\/div>\n\t\t\t\t\t<\/div>\n\t\t<\/div>\n\t\t\t\t<div class=\"aux-parallax-section elementor-column elementor-col-66 elementor-top-column elementor-element elementor-element-6aed221\" data-id=\"6aed221\" data-element_type=\"column\">\n\t\t\t<div class=\"elementor-column-wrap elementor-element-populated\">\n\t\t\t\t\t\t\t<div class=\"elementor-widget-wrap\">\n\t\t\t\t\t\t<div class=\"elementor-element elementor-element-383033d elementor-widget elementor-widget-text-editor\" data-id=\"383033d\" data-element_type=\"widget\" data-widget_type=\"text-editor.default\">\n\t\t\t\t<div class=\"elementor-widget-container\">\n\t\t\t\t\t<div class=\"elementor-text-editor elementor-clearfix\"><p>Rede Totolec<\/p><\/div>\n\t\t\t\t<\/div>\n\t\t\t\t<\/div>\n\t\t\t\t<div class=\"elementor-element elementor-element-aadc121 elementor-widget elementor-widget-text-editor\" data-id=\"aadc121\" data-element_type=\"widget\" data-widget_type=\"text-editor.default\">\n\t\t\t\t<div class=\"elementor-widget-container\">\n\t\t\t\t\t<div class=\"elementor-text-editor elementor-clearfix\"><p>Acompanhe os nossos sorteios todo domingo de 09:00hs as 09:30hs ao vivo atrav\u00e9s da nossa Rede Totolec.<\/p><\/div>\n\t\t\t\t<\/div>\n\t\t\t\t<\/div>\n\t\t\t\t<div class=\"elementor-element elementor-element-140f1d4 elementor-widget elementor-widget-spacer\" data-id=\"140f1d4\" data-element_type=\"widget\" data-widget_type=\"spacer.default\">\n\t\t\t\t<div class=\"elementor-widget-container\">\n\t\t\t\t\t<div class=\"elementor-spacer\">\n\t\t\t<div class=\"elementor-spacer-inner\"><\/div>\n\t\t<\/div>\n\t\t\t\t<\/div>\n\t\t\t\t<\/div>\n\t\t\t\t\t\t<\/div>\n\t\t\t\t\t<\/div>\n\t\t<\/div>\n\t\t\t\t<div class=\"aux-parallax-section elementor-column elementor-col-16 elementor-top-column elementor-element elementor-element-901a061\" data-id=\"901a061\" data-element_type=\"column\">\n\t\t\t<div class=\"elementor-column-wrap\">\n\t\t\t\t\t\t\t<div class=\"elementor-widget-wrap\">\n\t\t\t\t\t\t\t\t<\/div>\n\t\t\t\t\t<\/div>\n\t\t<\/div>\n\t\t\t\t\t\t\t\t<\/div>\n\t\t\t\t\t<\/div>\n\t\t<\/section>\n\t\t\t\t<section class=\"elementor-section elementor-top-section elementor-element elementor-element-636f9e6 elementor-section-boxed elementor-section-height-default elementor-section-height-default\" data-id=\"636f9e6\" data-element_type=\"section\">\n\t\t\t\t\t\t<div class=\"elementor-container elementor-column-gap-default\">\n\t\t\t\t\t\t\t<div class=\"elementor-row\">\n\t\t\t\t\t<div class=\"aux-parallax-section elementor-column elementor-col-33 elementor-top-column elementor-element elementor-element-c82f6a5\" data-id=\"c82f6a5\" data-element_type=\"column\">\n\t\t\t<div class=\"elementor-column-wrap elementor-element-populated\">\n\t\t\t\t\t\t\t<div class=\"elementor-widget-wrap\">\n\t\t\t\t\t\t<div class=\"elementor-element elementor-element-37a54e0 elementor-widget elementor-widget-text-editor\" data-id=\"37a54e0\" data-element_type=\"widget\" data-widget_type=\"text-editor.default\">\n\t\t\t\t<div class=\"elementor-widget-container\">\n\t\t\t\t\t<div class=\"elementor-text-editor elementor-clearfix\"><p><strong>ACARA\u00da<\/strong><br \/>Acara\u00fa FM 91,5<\/p><p><strong>ARACATI<\/strong><br \/>Plus FM 98,1<\/p><p><strong>ARATUBA<\/strong><br \/>Somzoom Aratuba 89,5<\/p><p><strong>BARREIRA<\/strong><br \/>Nossa FM 104,9<\/p><p><strong>BEBERIBE<\/strong><br \/>Costa Leste FM 90,5<\/p><p><strong>CANIND\u00c9<\/strong><br \/>Aquarela FM 102,5<\/p><p><strong>CRAT\u00c9US<\/strong><br \/>Poty AM 590<br \/>Jangadeiro FM 92,1<\/p><p><strong>CRATO<\/strong><br \/>Jangadeiro FM 97,5<br \/>Somzoom Cariri 106,5<\/p><p><strong>FORTALEZA<\/strong><br \/>Assun\u00e7\u00e3o AM 620<\/p><p><strong>FORQUILHA<\/strong><br \/>Janguadeiro FM 99,70<br \/>Plus FM 105,1<br \/>Tupinamba FM 100,3<\/p><p><strong>GUARACIABA DO NORTE<\/strong><br \/>Somzoom Guaraciaba FM 91,1<\/p><\/div>\n\t\t\t\t<\/div>\n\t\t\t\t<\/div>\n\t\t\t\t\t\t<\/div>\n\t\t\t\t\t<\/div>\n\t\t<\/div>\n\t\t\t\t<div class=\"aux-parallax-section elementor-column elementor-col-33 elementor-top-column elementor-element elementor-element-5509c83\" data-id=\"5509c83\" data-element_type=\"column\">\n\t\t\t<div class=\"elementor-column-wrap elementor-element-populated\">\n\t\t\t\t\t\t\t<div class=\"elementor-widget-wrap\">\n\t\t\t\t\t\t<div class=\"elementor-element elementor-element-0697c01 elementor-widget elementor-widget-text-editor\" data-id=\"0697c01\" data-element_type=\"widget\" data-widget_type=\"text-editor.default\">\n\t\t\t\t<div class=\"elementor-widget-container\">\n\t\t\t\t\t<div class=\"elementor-text-editor elementor-clearfix\"><p><strong>IBIAPINA<\/strong><br \/>Compasso FM 98,7<br \/>Somzoom Tiangu\u00e1 94,9<\/p><p><strong>UBAJARA<\/strong><br \/>Liberdade FM 87,9<br \/>Somzoom Tiangu\u00e1 94,9<\/p><p><strong>IGUATU<\/strong><br \/>R\u00e1dio Liberdade<br \/>Jangadeiro FM 103,1<\/p><p><strong>IPU<\/strong><br \/>Cidade FM 106,3<\/p><p><strong>IPUEIRAS<\/strong><br \/>Vox FM 97,7<\/p><p><strong>ITAPIPOCA<\/strong><br \/>Uirapuru AM 570<br \/>L\u00edder FM 103,1<\/p><p><strong>JAGUARIBE<\/strong><br \/>Rio Jaguaribe FM 104,7<\/p><p><strong>LIMOEIRO DO NORTE<\/strong><br \/>Vale FM 103,3<br \/>Jangadeiro FM 100,1<\/p><p><strong>MORADA NOVA<\/strong><br \/>Vale FM 92,1<br \/>Cai\u00e7ara FM 106,3<\/p><p><strong>PARAIPABA<\/strong><br \/>Plus FM 88,7<\/p><p><strong>PENTECOSTE<\/strong><br \/>Difusora Vale do Curu AM 1560<\/p><\/div>\n\t\t\t\t<\/div>\n\t\t\t\t<\/div>\n\t\t\t\t\t\t<\/div>\n\t\t\t\t\t<\/div>\n\t\t<\/div>\n\t\t\t\t<div class=\"aux-parallax-section elementor-column elementor-col-33 elementor-top-column elementor-element elementor-element-630d40a\" data-id=\"630d40a\" data-element_type=\"column\">\n\t\t\t<div class=\"elementor-column-wrap elementor-element-populated\">\n\t\t\t\t\t\t\t<div class=\"elementor-widget-wrap\">\n\t\t\t\t\t\t<div class=\"elementor-element elementor-element-cfaa31d elementor-widget elementor-widget-text-editor\" data-id=\"cfaa31d\" data-element_type=\"widget\" data-widget_type=\"text-editor.default\">\n\t\t\t\t<div class=\"elementor-widget-container\">\n\t\t\t\t\t<div class=\"elementor-text-editor elementor-clearfix\"><p><strong>QUIXAD\u00c1<br \/><\/strong>R\u00e1dio Lideran\u00e7a<\/p><p><strong>QUIXERAMOBIM<\/strong><br \/>Difusora Cristal AM 1450<br \/>Jangadeiro FM 98,9<\/p><p><strong>REDEN\u00c7\u00c3O<\/strong><br \/>Plus FM 98,7<\/p><p><strong>RUSSAS<\/strong><br \/>Somzoom Russas 98,5<\/p><p><strong>SANTA QUIT\u00c9RIA<\/strong><br \/>Somzoom FM 97,3<br \/><br \/><strong>S\u00c3O BENEDITO<\/strong><br \/>Antena Norte FM 98,7<\/p><p><strong>SENADOR POMPEU<\/strong><br \/>Humait\u00e1 FM 87,9<\/p><p><strong>SOBRAL<\/strong><br \/>Jangadeiro FM 99,1<br \/>Plus FM 105,1<br \/>Tupinamba FM 100,3<\/p><p><strong>TIANGU\u00c1<\/strong><br \/>Serrana FM 98,7<br \/>Somzoom Tiangu\u00e1 94,9<\/p><p><strong>TV\u2019S:<\/strong><br \/>Transmitido ao vivo todos os domingos pela rede de R\u00e1dio e Televis\u00e3o, Facebook e YouTube do Totolec, a partir das 9h.<\/p><\/div>\n\t\t\t\t<\/div>\n\t\t\t\t<\/div>\n\t\t\t\t\t\t<\/div>\n\t\t\t\t\t<\/div>\n\t\t<\/div>\n\t\t\t\t\t\t\t\t<\/div>\n\t\t\t\t\t<\/div>\n\t\t<\/section>\n\t\t\t\t\t\t<\/div>\n\t\t\t\t\t\t<\/div>\n\t\t\t\t\t<\/div>\n\t\t","protected":false},"excerpt":{"rendered":"<p>Rede Totolec Acompanhe os nossos sorteios todo domingo de 09:00hs as 09:30hs ao vivo atrav\u00e9s da nossa Rede Totolec. ACARA\u00daAcara\u00fa FM 91,5 ARACATIPlus FM 98,1 ARATUBASomzoom Aratuba 89,5 BARREIRANossa FM 104,9 BEBERIBECosta Leste FM 90,5 CANIND\u00c9Aquarela FM 102,5 CRAT\u00c9USPoty AM 590Jangadeiro FM 92,1 CRATOJangadeiro FM 97,5Somzoom Cariri 106,5 FORTALEZAAssun\u00e7\u00e3o AM 620 FORQUILHAJanguadeiro FM 99,70Plus FM [&hellip;]<\/p>\n","protected":false},"author":1,"featured_media":0,"parent":0,"menu_order":0,"comment_status":"closed","ping_status":"closed","template":"","meta":[],"_links":{"self":[{"href":"https:\/\/totolecshow.com\/siteshow\/wp-json\/wp\/v2\/pages\/186"}],"collection":[{"href":"https:\/\/totolecshow.com\/siteshow\/wp-json\/wp\/v2\/pages"}],"about":[{"href":"https:\/\/totolecshow.com\/siteshow\/wp-json\/wp\/v2\/types\/page"}],"author":[{"embeddable":true,"href":"https:\/\/totolecshow.com\/siteshow\/wp-json\/wp\/v2\/users\/1"}],"replies":[{"embeddable":true,"href":"https:\/\/totolecshow.com\/siteshow\/wp-json\/wp\/v2\/comments?post=186"}],"version-history":[{"count":10,"href":"https:\/\/totolecshow.com\/siteshow\/wp-json\/wp\/v2\/pages\/186\/revisions"}],"predecessor-version":[{"id":1576,"href":"https:\/\/totolecshow.com\/siteshow\/wp-json\/wp\/v2\/pages\/186\/revisions\/1576"}],"wp:attachment":[{"href":"https:\/\/totolecshow.com\/siteshow\/wp-json\/wp\/v2\/media?parent=186"}],"curies":[{"name":"wp","href":"https:\/\/api.w.org\/{rel}","templated":true}]}}